)/((-2)/(-165))?
6
Let n = 924 - 419. What is the tens digit of n?
0
Suppose 12*m = 11*m + 433. What is the units digit of m?
3
Let j(p) = -86*p - 13. What is the units digit of j(-8)?
5
Suppose 0 = 2*z - 5*c, 5*z + 8*c - 70 = 3*c. Suppose 20 = 4*t - 4*y, 3*t + 9 = -z*y + 5*y. What is the units digit of t + -2 - -1*15?
5
Suppose -2*b + 4*b = 4. Let z(x) be the third derivative of x**5/20 - x**4/24 + 2*x**2. What is the units digit of z(b)?
0
Let s(j) = 3 - 2 + 9 - 8*j - j**2. Let w = -14 + 8. What is the units digit of s(w)?
2
Suppose -10*u + 11149 = -6661. What is the tens digit of u?
8
Suppose 60 = -7*i + 12*i. Let m = i + -3. Suppose m*z - 44 = 5*z. What is the tens digit of z?
1
Let v be (-2)/((-9)/(189/6)). Let o(d) = -8*d. Let k be o(-2). Let i = k - v. What is the units digit of i?
9
Let i be ((-16)/(-6))/(6/(-18)). Let q(f) be the third derivative of -f**5/30 - 17*f**4/24 + 5*f**3/6 + 6*f**2. What is the units digit of q(i)?
3
Suppose -5*r + 3*r = -4. Suppose 2*u - 2*o = 3*u - 32, -5*u + 168 = r*o. What is the tens digit of u?
3
Suppose 10 = 9*q - 4*q. Suppose q*s - 4*f - 27 = 3, 3*f = -2*s + 2. Suppose -70 = 2*b - s*b. What is the units digit of b?
4
What is the thousands digit of ((920 - -11) + 11)*4?
3
Let n(z) = 3*z**3 + 7*z**2 + 19*z + 13. What is the hundreds digit of n(7)?
5
Let x = -82 - -119. Let f = -13 + x. Let y = f - 3. What is the units digit of y?
1
Let b(k) be the first derivative of -k**4/4 + 3*k**3 + 3*k**2/2 - 5*k - 1. Let q(p) = -2*p**2 - 13*p - 6. Let u be q(-5). What is the tens digit of b(u)?
2
Suppose 4*q + 18 = 2*p, 4*q = -0*q - 12. Suppose -x + 2*x - p*b + 13 = 0, x + 2*b = 12. What is the tens digit of (-2576)/(-72) - x/(-9)?
3
Let i(m) = m - 10*m**2 + m**3 - 17*m + 24 + 3*m. What is the units digit of i(11)?
2
Let k = 117 - 212. Let x = 7 - k. What is the hundreds digit of x?
1
Let s(n) = n**3 - 8*n**2 - 2*n + 16. Let l be s(8). Suppose -2*a = -l*a - 4. What is the tens digit of 605/33 + a/3?
1
Let o be (-4)/(-18) + 38/(-9). Let h = o - 1. Let i = 28 + h. What is the units digit of i?
3
Let x(y) = 7*y**2 + 26*y - 56. What is the tens digit of x(-20)?
2
Suppose -4*d - 5*j = -83, -j = -3*d + 25 + 23. Let l = 0 + d. What is the tens digit of l?
1
Suppose 341*d - 7074 = 332*d. What is the units digit of d?
6
Let b(y) = -5*y - 61. Suppose -79 + 59 = m. What is the units digit of b(m)?
9
Let s(z) = -19*z - 12. Let g be (16 - 4)*1/(-2). Let y be s(g). Suppose -2*b + y = 12. What is the units digit of b?
5
Suppose j - 5*y = 1 - 7, -2*j + 10 = y. Suppose 52 + 0 = j*p. What is the tens digit of p?
1
Let u be (-4)/(-14) - (-66)/14. Let m(q) = 7*q + 489 - 492 - 2*q. What is the tens digit of m(u)?
2
Let d(a) = -a**3 + 15*a**2 - 13*a - 18. Suppose 5*b = 5*w + 70, -2*b + 3*w + 31 = 3. Let y be d(b). What is the units digit of 4 + (y - 0)/(-2)?
6
Let n = -726 + 1020. What is the hundreds digit of n?
2
Let c be (-1542)/(-102) + (-6)/51. Suppose -c*x + 1111 = -4*x. What is the tens digit of x?
0
Let l = 49 - 35. Let n = l - 12. Suppose n*d - 62 + 4 = 0. What is the units digit of d?
9
Let a = 1 + -1. Suppose -2*k - 2 = a, -p - 3*k = 3*p - 237. What is the units digit of p?
0
Suppose -15*q - 1 = -31. Let g be (3/(-2))/((-2)/4). Suppose 0 = s - g*s - 6, -q*x - s = -47. What is the units digit of x?
5
Suppose 0 = -2*l + 4168 - 960. What is the units digit of l?
4
Let j(l) = -11*l - 1. Let q be j(-1). Let p be (-3)/15 - (-172)/q. Suppose -45 = -5*c + 5*m, 2*c - c + 3*m = p. What is the tens digit of c?
1
Let j = 1 - -4. Suppose -3*i - j - 1 = 0. What is the units digit of (7/1)/(i/(-6))?
1
Let r(v) = 2*v + 43. Let j be r(-18). Let n(l) = 4*l + 25. What is the tens digit of n(j)?
5
Suppose -3*x + 4*b + 1035 = -5511, -4378 = -2*x - 2*b. What is the tens digit of x?
8
Let i(z) = -z**2 + 6*z - 4. Let u be i(3). Suppose 3*p + u*t - t - 13 = 0, 5*p + 4*t = 19. Suppose -p*s + 96 + 18 = 0. What is the tens digit of s?
3
Let i(v) be the third derivative of v**5/12 + 22*v**3 + 41*v**2. What is the tens digit of i(0)?
3
Let f(w) = w**3 - 10*w**2 - 9*w - 12. Let g be f(11). Let v(z) = z**3 - 9*z**2 - 3*z - 3. What is the tens digit of v(g)?
6
Let c be (1/2)/(3/72). Let z = -10 + c. Suppose -2 = 4*w - 5*w - 3*l, 0 = -z*w + 5*l + 48. What is the units digit of w?
4
Suppose -5*r - 4 = 2*d, d - 5*r - 18 + 5 = 0. Suppose 23 = -d*n + 116. Suppose -2*i + 19 + n = 0. What is the tens digit of i?
2
What is the units digit of 2897 + -2 - 24/(-3)?
3
Let u(c) = 5*c**2 + 7*c + 2*c + 3*c**2 + 0*c**2 + 2 - c**3. Suppose 2*o - 5*r = 5*o - 17, 2 = -r. What is the units digit of u(o)?
2
Suppose 0 = -10*v - v + 33. Let o(a) = a**3 - a**2 - 5*a + 2. What is the units digit of o(v)?
5
Let r(h) = -h**2 - 5*h + 10. Let g be r(-7). What is the units digit of (g/5)/(2/(-485))?
4
Suppose 4*g - 1086 = c - 270, g - 2*c - 211 = 0. What is the hundreds digit of g?
2
Let q be 1/((-1)/1)*-6. Let w(d) = 164*d**2 - 17*d - 16. Let k be w(-1). Suppose h - q*h = -5*v - k, 0 = -4*h - 2*v + 138. What is the tens digit of h?
3
Let l(w) = -2*w**2 + 2. Let j be l(0). Suppose j*f = -3*z - 2*f + 467, -765 = -5*z - 4*f. What is the hundreds digit of z?
1
Let u = -34 + 60. Suppose 0 = -4*o + 3*o + u. Suppose 3 = -j + o. What is the tens digit of j?
2
Let i(a) = -a**2 - 8*a - 6. Let j be i(-5). Suppose -v - 2*v + j = 0. Suppose v*y + 3*y = 36. What is the units digit of y?
6
Let i(a) = 193*a**2 + 20*a - 45. What is the tens digit of i(2)?
6
What is the hundreds digit of 893/(2/2) - 8?
8
Suppose 2*q + 145 = -3*q. Let k = -469 - -520. Let x = k + q. What is the units digit of x?
2
Let a(t) = t**3 + t. Let m be a(0). Suppose m = -2*f + 84 + 4. What is the units digit of f?
4
What is the units digit of 196 + (-15 + 4 - -6)?
1
Let s = 76 + -211. Let t be (2 - (-8)/(-6))/((-22)/6897). Let q = s - t. What is the tens digit of q?
7
Let j be ((-3)/12)/(2/(-8)). Let a(x) = 33*x. What is the tens digit of a(j)?
3
Let m(l) = 3*l - 13. Let w be 1/(-4)*0 + 6. Let j be m(w). Suppose -3*a = 5*x + 2*a - 130, -j*a = -4*x + 113. What is the tens digit of x?
2
Suppose -3*u - 6 = -2*r, -4*u = 4*r - 1 + 29. Let g be 2 + -4*r/(-3). What is the units digit of g/(-6) - (-11)/3?
4
Let s = -18 - -25. Suppose s*d = 2*d - 5. Let b = 6 - d. What is the units digit of b?
7
Let o(l) = l**3 - 6*l**2 + 5*l - 7. Let f be o(7). Let y = f - -13. Suppose 0 = 5*q - 2*q - y. What is the tens digit of q?
3
What is the tens digit of 542/(-4)*(-11 + -7)/3?
1
Suppose 0 = -i + 4*i - 2*l + 4, 5*i = 2*l. Let s = i + 1. Suppose -v + s*f + 8 = -6, -4*f = -v + 10. What is the tens digit of v?
2
Let t(f) = -2*f - 6. Let x be t(-4). Suppose 48 = 5*q - x*g, q + 3*q - 40 = 2*g. What is the tens digit of 28*4/q + 3?
1
What is the thousands digit of (2 + 1 + 1)/((-208)/(-179816))?
3
Let d(a) = a + 75. Let y be d(0). Suppose q - y = -4*q. Suppose 35 = 5*w - q. What is the tens digit of w?
1
Let q(j) = j**2 - 1. Let a(t) = -5*t**2 + 9*t + 5. Let z(c) = -a(c) - 3*q(c). What is the tens digit of z(7)?
3
Let y = 581 + -340. What is the units digit of y?
1
Let c be 2/1*(-11 + 13). Suppose -c*i + i = -1098. What is the tens digit of (-3)/(-2) - i/(-12)?
3
Suppose 17*b - 255 - 22984 = 0. What is the units digit of b?
7
Let k(s) = 788*s + 403. What is the hundreds digit of k(3)?
7
Let o be ((-10)/4)/(-5)*88/(-1). Let q = o + 100. What is the units digit of q?
6
Suppose -993 = -3*h + 3*c, -13*c = 5*h - 8*c - 1645. What is the tens digit of h?
3
Suppose 2*s - 12*s = -7540. What is the units digit of s?
4
Let l(v) = -v**3 - 7*v**2 + 3*v - 6. Suppose 23 = 4*y + 3. Suppose 23 - 63 = y*n. What is the units digit of l(n)?
4
Suppose -3*n - 5*n + 2128 = 0. What is the tens digit of n?
6
Suppose -25*f - 15 = -22*f. What is the tens digit of (-1)/(-2*f/(-260))?
2
Let g(a) = 2*a + 2. Let o = 9 - 2. Let p be g(o). Let f = -11 + p. What is the units digit of f?
5
Suppose 14*h - 20*h + 384 = 0. Let i = 138 - h. What is the tens digit of i?
7
Suppose -3*c - c = -60. Let w(t) = 13*t - 45. What is the units digit of w(c)?
0
Let l be 3 + -2 + 3 + -2. Let u(j) = -5*j**l + 3*j**3 - 24 + j + 26 - 3*j**3 + 2*j**3. What is the tens digit of u(3)?
1
What is the thousands digit of 16/28 - -12*(-23992)/(-84)?
3
Let d = -312 + 592. What is the hundreds digit of d?
2
Suppos